{"id":1202,"date":"2021-02-03T23:49:18","date_gmt":"2021-02-03T22:49:18","guid":{"rendered":"http:\/\/kurse.praenatal-zuerich.ch\/?page_id=1202"},"modified":"2025-11-29T18:42:58","modified_gmt":"2025-11-29T17:42:58","slug":"anmeldung-gib-2021-2","status":"publish","type":"page","link":"https:\/\/kurse.praenatal-zuerich.ch\/?page_id=1202","title":{"rendered":"GIB 2022"},"content":{"rendered":"\n<p><strong>Die Teilnahmegeb\u00fchr betr\u00e4gt 195,00 Euro f\u00fcr die zwei ganzen Tage<\/strong>. Einzelne Bl\u00f6cke oder Halbtage k\u00f6nnen nicht separat gebucht werden. Der GIB 2022 kann nur online, mit Kreditkarte und \u00fcber diese Seite gebucht werden. Die Teilnahmegeb\u00fchr schliesst den online-Zugang zu den aufgezeichneten Vortr\u00e4gen f\u00fcr acht Wochen nach der live-Veranstaltung ein. Eine Teilnahmebescheinigung kann NUR f\u00fcr die Teilnahme an der live-Veranstaltung ausgestellt werden, nicht f\u00fcr nachtr\u00e4gliches Anschauen. Auf der Teilnahmebescheinigung wird auch die Anzahl der erfolgreichen Anwesenheitskontrollen w\u00e4hrend der live-Veranstaltung angegeben.<\/p>\n\n\n\n<p class=\"has-blue-color has-text-color\"><strong>Bitte verwenden Sie f\u00fcr die Anmeldung dieselbe email, mit der Sie sich auch am Tag der Veranstaltung anmelden werden. Sie m\u00fcssen diese email-Adress am Tag der Veranstaltung uneingeschr\u00e4nkt verwenden k\u00f6nnen, damit wir Ihre Teilnahme best\u00e4tigen k\u00f6nnen.<\/strong><\/p>\n\n\n\n<p><strong>Bitte beachten Sie: Die Teilnahme ist AUSSCHLIESSLICH unter der email-Adresse in Feld TEILNEHMER m\u00f6glich. Falls Sie die Buchung f\u00fcr eine andere Person druchf\u00fchren, tragen Sie bitte zus\u00e4tzlich Ihre email-Adresse UNBEDINGT ins Feld ZAHLENDER ein, da sonst die Zuordnung von Zahlungseingang und Teilnehmer und eine Teilnahme NICHT m\u00f6glich sind.<\/strong><\/p>\n\n\n\n<h3 class=\"wp-block-heading\">Was passiert nach Abschluss diese Formulars?<\/h3>\n\n\n\n<p>Wie werden auf eine Seite des Zahlungssystems Stripe weitergeleitet, auf der Sie die Teilnahmegeb\u00fchr mit Kreditkarte zahlen. Erst nach erfolgreicher Zahlung ist die Anmeldung vollst\u00e4ndig: Es erscheint die Meldung &#8222;Bezahlung via Stripe erfolgreich!&#8220;, und Sie (der Teilnehmer und ggf. der Zahlende, falls nicht identisch) erhalten  <strong>unmittelbar eine email-Benachrichtigung, die Ihre Rechnung sowie die Anmelde- und Zahlungsbest\u00e4tigung ist. Bitte drucken SIe diese f\u00fcr Ihre Unterlagen aus.<\/strong> Sollten Sie diese email nicht erhalten, pr\u00fcfen Sie bitte den Spam-\/Junk-Ordner Ihres email-Programms. Falls Sie tats\u00e4chlich keine email erhalten haben, hat die Zahlung und damit die Registrierung NICHT funktioniert. In diesem Fall wiederholen Sie bitte die Anmeldung (Formular ausf\u00fcllen, Kursgeb\u00fchr mit Kreditkarte bezahlen). <\/p>\n\n\n\n<h3 class=\"wp-block-heading\">Update 3. Dezember 2022: <\/h3>\n\n\n\n<p>Die Anmeldung ist jetzt geschlossen. Eine nachtr\u00e4gliche Anmeldung ist nicht mehr m\u00f6glich. Bitte schauen Sie demn\u00e4chst auf der <a href=\"https:\/\/kurse.praenatal-zuerich.ch\/\" data-type=\"page\" data-id=\"103\">Homepage<\/a> nach verf\u00fcgbaren Aufzeichnungen, die in den n\u00e4chsten Wochen verf\u00fcgbar werden. Registrierte Teilnehmerinnen und Teilnehmer haben bereits eine email mit einem pers\u00f6nlichen Link zum nachtr\u00e4gliche Anschauen der Vortr\u00e4ge erhalten, der bis 31.01.23 aktiv ist. Bitte beachten Sie, dass das nachtr\u00e4gliche Anschauen der Vortr\u00e4ge nicht als Kursteilnahme bescheinigt werden kann.<\/p>\n","protected":false},"excerpt":{"rendered":"<p>Die Teilnahmegeb\u00fchr betr\u00e4gt 195,00 Euro f\u00fcr die zwei ganzen Tage. Einzelne Bl\u00f6cke oder Halbtage k\u00f6nnen nicht separat gebucht werden. Der [&hellip;]<\/p>\n","protected":false},"author":1,"featured_media":0,"parent":0,"menu_order":0,"comment_status":"closed","ping_status":"closed","template":"page-templates\/full-width.php","meta":{"site-sidebar-layout":"default","site-content-layout":"","ast-site-content-layout":"default","site-content-style":"default","site-sidebar-style":"default","ast-global-header-display":"","ast-banner-title-visibility":"","ast-main-header-display":"","ast-hfb-above-header-display":"","ast-hfb-below-header-display":"","ast-hfb-mobile-header-display":"","site-post-title":"","ast-breadcrumbs-content":"","ast-featured-img":"","footer-sml-layout":"","ast-disable-related-posts":"","theme-transparent-header-meta":"","adv-header-id-meta":"","stick-header-meta":"","header-above-stick-meta":"","header-main-stick-meta":"","header-below-stick-meta":"","astra-migrate-meta-layouts":"default","ast-page-background-enabled":"default","ast-page-background-meta":{"desktop":{"background-color":"var(--ast-global-color-5)","background-image":"","background-repeat":"repeat","background-position":"center center","background-size":"auto","background-attachment":"scroll","background-type":"","background-media":"","overlay-type":"","overlay-color":"","overlay-opacity":"","overlay-gradient":""},"tablet":{"background-color":"","background-image":"","background-repeat":"repeat","background-position":"center center","background-size":"auto","background-attachment":"scroll","background-type":"","background-media":"","overlay-type":"","overlay-color":"","overlay-opacity":"","overlay-gradient":""},"mobile":{"background-color":"","background-image":"","background-repeat":"repeat","background-position":"center center","background-size":"auto","background-attachment":"scroll","background-type":"","background-media":"","overlay-type":"","overlay-color":"","overlay-opacity":"","overlay-gradient":""}},"ast-content-background-meta":{"desktop":{"background-color":"var(--ast-global-color-4)","background-image":"","background-repeat":"repeat","background-position":"center center","background-size":"auto","background-attachment":"scroll","background-type":"","background-media":"","overlay-type":"","overlay-color":"","overlay-opacity":"","overlay-gradient":""},"tablet":{"background-color":"var(--ast-global-color-4)","background-image":"","background-repeat":"repeat","background-position":"center center","background-size":"auto","background-attachment":"scroll","background-type":"","background-media":"","overlay-type":"","overlay-color":"","overlay-opacity":"","overlay-gradient":""},"mobile":{"background-color":"var(--ast-global-color-4)","background-image":"","background-repeat":"repeat","background-position":"center center","background-size":"auto","background-attachment":"scroll","background-type":"","background-media":"","overlay-type":"","overlay-color":"","overlay-opacity":"","overlay-gradient":""}},"footnotes":""},"class_list":["post-1202","page","type-page","status-publish","hentry"],"_links":{"self":[{"href":"https:\/\/kurse.praenatal-zuerich.ch\/index.php?rest_route=\/wp\/v2\/pages\/1202","targetHints":{"allow":["GET"]}}],"collection":[{"href":"https:\/\/kurse.praenatal-zuerich.ch\/index.php?rest_route=\/wp\/v2\/pages"}],"about":[{"href":"https:\/\/kurse.praenatal-zuerich.ch\/index.php?rest_route=\/wp\/v2\/types\/page"}],"author":[{"embeddable":true,"href":"https:\/\/kurse.praenatal-zuerich.ch\/index.php?rest_route=\/wp\/v2\/users\/1"}],"replies":[{"embeddable":true,"href":"https:\/\/kurse.praenatal-zuerich.ch\/index.php?rest_route=%2Fwp%2Fv2%2Fcomments&post=1202"}],"version-history":[{"count":45,"href":"https:\/\/kurse.praenatal-zuerich.ch\/index.php?rest_route=\/wp\/v2\/pages\/1202\/revisions"}],"predecessor-version":[{"id":14140,"href":"https:\/\/kurse.praenatal-zuerich.ch\/index.php?rest_route=\/wp\/v2\/pages\/1202\/revisions\/14140"}],"wp:attachment":[{"href":"https:\/\/kurse.praenatal-zuerich.ch\/index.php?rest_route=%2Fwp%2Fv2%2Fmedia&parent=1202"}],"curies":[{"name":"wp","href":"https:\/\/api.w.org\/{rel}","templated":true}]}}