{"id":13802,"date":"2025-11-12T05:57:52","date_gmt":"2025-11-12T04:57:52","guid":{"rendered":"https:\/\/kurse.praenatal-zuerich.ch\/?page_id=13802"},"modified":"2026-01-25T15:50:43","modified_gmt":"2026-01-25T14:50:43","slug":"tardoc-qa-01-12-25","status":"publish","type":"page","link":"https:\/\/kurse.praenatal-zuerich.ch\/?page_id=13802","title":{"rendered":"2. TARDOC Q&amp;A-Webinar"},"content":{"rendered":"\n<h2 class=\"wp-block-heading\">Webinar Mo<strong>. 01.12.25, 17.30-18.30 Uhr<\/strong>, Redner: Dr. Pierre Villars, Vorstand SGGG, Department Tarife<\/h2>\n\n\n\n<figure class=\"wp-block-image size-full\"><img loading=\"lazy\" decoding=\"async\" width=\"1024\" height=\"1024\" src=\"https:\/\/kurse.praenatal-zuerich.ch\/wp-content\/uploads\/2025\/05\/TARDOC-TARIFKURSE-SGGG-Logo.png\" alt=\"\" class=\"wp-image-13215\" srcset=\"https:\/\/kurse.praenatal-zuerich.ch\/wp-content\/uploads\/2025\/05\/TARDOC-TARIFKURSE-SGGG-Logo.png 1024w, https:\/\/kurse.praenatal-zuerich.ch\/wp-content\/uploads\/2025\/05\/TARDOC-TARIFKURSE-SGGG-Logo-300x300.png 300w, https:\/\/kurse.praenatal-zuerich.ch\/wp-content\/uploads\/2025\/05\/TARDOC-TARIFKURSE-SGGG-Logo-150x150.png 150w\" sizes=\"auto, (max-width: 1024px) 100vw, 1024px\" \/><\/figure>\n\n\n\n<p><strong>Sie haben schon unsere <a href=\"http:\/\/tardoc.courses\">TARDOC-Kursreihe online<\/a> besucht? Sie sind mit der Umsetzung von TARDOC besch\u00e4ftigt? Sie haben noch unbeantwortete Fragen, bevor der TARDOC am 01.01.26 eingef\u00fchrt wird?<\/strong><\/p>\n\n\n\n<p><strong>Dann sollten Sie diese gratis-Webinar besuchen! Sie k\u00f6nnen sich mit dem nachfolgenden Formular anmelden und gleichzeitig Ihre dr\u00e4ngendsten Fragen einreichen. Ihre Fragen, die bis zum 28.11.25 24.00 eingereicht werden, werden mehrheitlich oder zusammengefasst am 01.11.25 beantwortet. Bei Fragen, die schon in der <a href=\"http:\/\/tardoc.courses\">TARDOC-Kursreihe online<\/a> beantwortet wurden, werden wir auf die <a href=\"http:\/\/tardoc.courses\">TARDOC-Kursreihe online<\/a> verweisen.<\/strong> <strong>Bitte haben Sie Verst\u00e4ndnis, dass wir Fragen zur Beantwortung ausw\u00e4hlen. Wir k\u00f6nnen nicht garantieren, dass wir alle Fragen einzeln beantworten. <\/strong><\/p>\n\n\n\n<p>Sie kennen Die <a href=\"http:\/\/tardoc.courses\">TARDOC-Kursreihe online<\/a> noch nicht? Bitte lesen Sie als erstes: <a href=\"https:\/\/kurse.praenatal-zuerich.ch\/wp-content\/uploads\/2025\/11\/TARDOC-Welche-Kursteile-gibt-es-und-was-sind-ihre-Inhalte.pdf\">Welche Kursteile gibt es und was sind ihre Inhalte?<\/a> Das Webinar TARDOC Q&amp;A Mo. 01.12.25 von 17.30 bis 18.30 (gratis) ist beendet. Das Video\u00a0finden Sie \u00a0auf <a href=\"https:\/\/TARDOC.courses\">https:\/\/TARDOC.courses<\/a><\/p>\n\n\n\n<p><a href=\"https:\/\/kurse.praenatal-zuerich.ch\/?page_id=14247\" data-type=\"page\" data-id=\"14247\">Hier<\/a> geht&#8217;s zum Zweiten TARDOC-Q&amp;A-Webinar!<\/p>\n","protected":false},"excerpt":{"rendered":"<p>Webinar Mo. 01.12.25, 17.30-18.30 Uhr, Redner: Dr. Pierre Villars, Vorstand SGGG, Department Tarife Sie haben schon unsere TARDOC-Kursreihe online besucht? [&hellip;]<\/p>\n","protected":false},"author":1,"featured_media":0,"parent":0,"menu_order":0,"comment_status":"closed","ping_status":"closed","template":"page-templates\/full-width.php","meta":{"site-sidebar-layout":"default","site-content-layout":"","ast-site-content-layout":"default","site-content-style":"default","site-sidebar-style":"default","ast-global-header-display":"","ast-banner-title-visibility":"","ast-main-header-display":"","ast-hfb-above-header-display":"","ast-hfb-below-header-display":"","ast-hfb-mobile-header-display":"","site-post-title":"","ast-breadcrumbs-content":"","ast-featured-img":"","footer-sml-layout":"","ast-disable-related-posts":"","theme-transparent-header-meta":"","adv-header-id-meta":"","stick-header-meta":"","header-above-stick-meta":"","header-main-stick-meta":"","header-below-stick-meta":"","astra-migrate-meta-layouts":"default","ast-page-background-enabled":"default","ast-page-background-meta":{"desktop":{"background-color":"var(--ast-global-color-5)","background-image":"","background-repeat":"repeat","background-position":"center center","background-size":"auto","background-attachment":"scroll","background-type":"","background-media":"","overlay-type":"","overlay-color":"","overlay-opacity":"","overlay-gradient":""},"tablet":{"background-color":"","background-image":"","background-repeat":"repeat","background-position":"center center","background-size":"auto","background-attachment":"scroll","background-type":"","background-media":"","overlay-type":"","overlay-color":"","overlay-opacity":"","overlay-gradient":""},"mobile":{"background-color":"","background-image":"","background-repeat":"repeat","background-position":"center center","background-size":"auto","background-attachment":"scroll","background-type":"","background-media":"","overlay-type":"","overlay-color":"","overlay-opacity":"","overlay-gradient":""}},"ast-content-background-meta":{"desktop":{"background-color":"var(--ast-global-color-4)","background-image":"","background-repeat":"repeat","background-position":"center center","background-size":"auto","background-attachment":"scroll","background-type":"","background-media":"","overlay-type":"","overlay-color":"","overlay-opacity":"","overlay-gradient":""},"tablet":{"background-color":"var(--ast-global-color-4)","background-image":"","background-repeat":"repeat","background-position":"center center","background-size":"auto","background-attachment":"scroll","background-type":"","background-media":"","overlay-type":"","overlay-color":"","overlay-opacity":"","overlay-gradient":""},"mobile":{"background-color":"var(--ast-global-color-4)","background-image":"","background-repeat":"repeat","background-position":"center center","background-size":"auto","background-attachment":"scroll","background-type":"","background-media":"","overlay-type":"","overlay-color":"","overlay-opacity":"","overlay-gradient":""}},"footnotes":""},"class_list":["post-13802","page","type-page","status-publish","hentry"],"_links":{"self":[{"href":"https:\/\/kurse.praenatal-zuerich.ch\/index.php?rest_route=\/wp\/v2\/pages\/13802","targetHints":{"allow":["GET"]}}],"collection":[{"href":"https:\/\/kurse.praenatal-zuerich.ch\/index.php?rest_route=\/wp\/v2\/pages"}],"about":[{"href":"https:\/\/kurse.praenatal-zuerich.ch\/index.php?rest_route=\/wp\/v2\/types\/page"}],"author":[{"embeddable":true,"href":"https:\/\/kurse.praenatal-zuerich.ch\/index.php?rest_route=\/wp\/v2\/users\/1"}],"replies":[{"embeddable":true,"href":"https:\/\/kurse.praenatal-zuerich.ch\/index.php?rest_route=%2Fwp%2Fv2%2Fcomments&post=13802"}],"version-history":[{"count":21,"href":"https:\/\/kurse.praenatal-zuerich.ch\/index.php?rest_route=\/wp\/v2\/pages\/13802\/revisions"}],"predecessor-version":[{"id":14553,"href":"https:\/\/kurse.praenatal-zuerich.ch\/index.php?rest_route=\/wp\/v2\/pages\/13802\/revisions\/14553"}],"wp:attachment":[{"href":"https:\/\/kurse.praenatal-zuerich.ch\/index.php?rest_route=%2Fwp%2Fv2%2Fmedia&parent=13802"}],"curies":[{"name":"wp","href":"https:\/\/api.w.org\/{rel}","templated":true}]}}