{"id":2678,"date":"2021-05-15T09:48:11","date_gmt":"2021-05-15T08:48:11","guid":{"rendered":"https:\/\/kurse.praenatal-zuerich.ch\/?page_id=2678"},"modified":"2022-06-27T05:58:07","modified_gmt":"2022-06-27T04:58:07","slug":"gyn-us-2-0-herbst-2021","status":"publish","type":"page","link":"https:\/\/kurse.praenatal-zuerich.ch\/?page_id=2678","title":{"rendered":"Gyn. US 2.0"},"content":{"rendered":"\n<div class=\"alignnormal\"><div id=\"metaslider-id-19\" style=\"max-width: 700px;\" class=\"ml-slider-3-108-0 metaslider metaslider-flex metaslider-19 ml-slider has-dots-nav ms-theme-default\" role=\"region\" aria-label=\"Gyn. US 2021\" data-height=\"300\" data-width=\"700\">\n    <div id=\"metaslider_container_19\">\n        <div id=\"metaslider_19\">\n            <ul class='slides'>\n                <li style=\"display: block; width: 100%;\" class=\"slide-1235 ms-image \" aria-roledescription=\"slide\" data-date=\"2021-02-07 11:32:07\" data-filename=\"Gyn-2021-edt-700x300-600dpi.jpg\" data-slide-type=\"image\"><img loading=\"lazy\" decoding=\"async\" width=\"700\" height=\"300\" src=\"https:\/\/kurse.praenatal-zuerich.ch\/wp-content\/uploads\/2021\/03\/Gyn-2021-edt-700x300-600dpi.jpg\" class=\"slider-19 slide-1235 msDefaultImage\" alt=\"\" rel=\"\" title=\"Gyn 2021 edt 700x300 600dpi\" srcset=\"https:\/\/kurse.praenatal-zuerich.ch\/wp-content\/uploads\/2021\/03\/Gyn-2021-edt-700x300-600dpi.jpg 700w, https:\/\/kurse.praenatal-zuerich.ch\/wp-content\/uploads\/2021\/03\/Gyn-2021-edt-700x300-600dpi-300x129.jpg 300w, https:\/\/kurse.praenatal-zuerich.ch\/wp-content\/uploads\/2021\/03\/Gyn-2021-edt-700x300-600dpi-624x267.jpg 624w\" sizes=\"auto, (max-width: 700px) 100vw, 700px\" \/><\/li>\n                <li style=\"display: none; width: 100%;\" class=\"slide-1431 ms-image \" aria-roledescription=\"slide\" data-date=\"2021-03-07 08:17:00\" data-filename=\"Zuerich-Panorama-Sommer-cr-700x300-1.jpg\" data-slide-type=\"image\"><img loading=\"lazy\" decoding=\"async\" width=\"700\" height=\"300\" src=\"https:\/\/kurse.praenatal-zuerich.ch\/wp-content\/uploads\/2021\/03\/Zuerich-Panorama-Sommer-cr-700x300-1.jpg\" class=\"slider-19 slide-1431 msDefaultImage\" alt=\"\" rel=\"\" title=\"Z\u00fcrich Panorama Sommer cr 700x300\" srcset=\"https:\/\/kurse.praenatal-zuerich.ch\/wp-content\/uploads\/2021\/03\/Zuerich-Panorama-Sommer-cr-700x300-1.jpg 700w, https:\/\/kurse.praenatal-zuerich.ch\/wp-content\/uploads\/2021\/03\/Zuerich-Panorama-Sommer-cr-700x300-1-300x129.jpg 300w, https:\/\/kurse.praenatal-zuerich.ch\/wp-content\/uploads\/2021\/03\/Zuerich-Panorama-Sommer-cr-700x300-1-624x267.jpg 624w\" sizes=\"auto, (max-width: 700px) 100vw, 700px\" \/><\/li>\n                <li style=\"display: none; width: 100%;\" class=\"slide-1532 ms-image \" aria-roledescription=\"slide\" data-date=\"2021-03-13 18:56:00\" data-filename=\"IOTA-Bsp-700x300-1.jpg\" data-slide-type=\"image\"><img loading=\"lazy\" decoding=\"async\" width=\"700\" height=\"300\" src=\"https:\/\/kurse.praenatal-zuerich.ch\/wp-content\/uploads\/2021\/03\/IOTA-Bsp-700x300-1.jpg\" class=\"slider-19 slide-1532 msDefaultImage\" alt=\"\" rel=\"\" title=\"IOTA Bsp 700x300\" srcset=\"https:\/\/kurse.praenatal-zuerich.ch\/wp-content\/uploads\/2021\/03\/IOTA-Bsp-700x300-1.jpg 700w, https:\/\/kurse.praenatal-zuerich.ch\/wp-content\/uploads\/2021\/03\/IOTA-Bsp-700x300-1-300x129.jpg 300w, https:\/\/kurse.praenatal-zuerich.ch\/wp-content\/uploads\/2021\/03\/IOTA-Bsp-700x300-1-624x267.jpg 624w\" sizes=\"auto, (max-width: 700px) 100vw, 700px\" \/><\/li>\n                <li style=\"display: none; width: 100%;\" class=\"slide-1533 ms-image \" aria-roledescription=\"slide\" data-date=\"2021-03-13 18:56:00\" data-filename=\"IOTA-Leuven-Uni-Bild-700x300-1.jpg\" data-slide-type=\"image\"><img loading=\"lazy\" decoding=\"async\" width=\"700\" height=\"300\" src=\"https:\/\/kurse.praenatal-zuerich.ch\/wp-content\/uploads\/2021\/03\/IOTA-Leuven-Uni-Bild-700x300-1.jpg\" class=\"slider-19 slide-1533 msDefaultImage\" alt=\"\" rel=\"\" title=\"IOTA Leuven Uni Bild 700x300\" srcset=\"https:\/\/kurse.praenatal-zuerich.ch\/wp-content\/uploads\/2021\/03\/IOTA-Leuven-Uni-Bild-700x300-1.jpg 700w, https:\/\/kurse.praenatal-zuerich.ch\/wp-content\/uploads\/2021\/03\/IOTA-Leuven-Uni-Bild-700x300-1-300x129.jpg 300w, https:\/\/kurse.praenatal-zuerich.ch\/wp-content\/uploads\/2021\/03\/IOTA-Leuven-Uni-Bild-700x300-1-624x267.jpg 624w\" sizes=\"auto, (max-width: 700px) 100vw, 700px\" \/><\/li>\n                <li style=\"display: none; width: 100%;\" class=\"slide-1535 ms-image \" aria-roledescription=\"slide\" data-date=\"2021-03-13 18:59:51\" data-filename=\"Uterus-3D-700x300-1.jpg\" data-slide-type=\"image\"><img loading=\"lazy\" decoding=\"async\" width=\"700\" height=\"300\" src=\"https:\/\/kurse.praenatal-zuerich.ch\/wp-content\/uploads\/2021\/03\/Uterus-3D-700x300-1.jpg\" class=\"slider-19 slide-1535 msDefaultImage\" alt=\"\" rel=\"\" title=\"Uterus 3D 700x300\" srcset=\"https:\/\/kurse.praenatal-zuerich.ch\/wp-content\/uploads\/2021\/03\/Uterus-3D-700x300-1.jpg 700w, https:\/\/kurse.praenatal-zuerich.ch\/wp-content\/uploads\/2021\/03\/Uterus-3D-700x300-1-300x129.jpg 300w, https:\/\/kurse.praenatal-zuerich.ch\/wp-content\/uploads\/2021\/03\/Uterus-3D-700x300-1-624x267.jpg 624w\" sizes=\"auto, (max-width: 700px) 100vw, 700px\" \/><\/li>\n            <\/ul>\n        <\/div>\n        \n    <\/div>\n<\/div><\/div>\n\n\n\n<p>Nach dem sehr erfolgreichen Kurs &#8222;Gyn\u00e4kologischer Ultraschall&#8220; im Mai 2021 veranstalten wir im Herbst 2022 einen weiteren Kurs, in dem erneut wichtige Themen aufgegriffen werden. <\/p>\n\n\n\n<p>Die Anmeldung f\u00fcr diesen online-Kurs im Herbst 2022 \u00f6ffnet demn\u00e4chst!<\/p>\n","protected":false},"excerpt":{"rendered":"<p>Nach dem sehr erfolgreichen Kurs &#8222;Gyn\u00e4kologischer Ultraschall&#8220; im Mai 2021 veranstalten wir im Herbst 2022 einen weiteren Kurs, in dem [&hellip;]<\/p>\n","protected":false},"author":1,"featured_media":0,"parent":0,"menu_order":0,"comment_status":"closed","ping_status":"closed","template":"page-templates\/full-width.php","meta":{"site-sidebar-layout":"default","site-content-layout":"","ast-site-content-layout":"default","site-content-style":"default","site-sidebar-style":"default","ast-global-header-display":"","ast-banner-title-visibility":"","ast-main-header-display":"","ast-hfb-above-header-display":"","ast-hfb-below-header-display":"","ast-hfb-mobile-header-display":"","site-post-title":"","ast-breadcrumbs-content":"","ast-featured-img":"","footer-sml-layout":"","ast-disable-related-posts":"","theme-transparent-header-meta":"","adv-header-id-meta":"","stick-header-meta":"","header-above-stick-meta":"","header-main-stick-meta":"","header-below-stick-meta":"","astra-migrate-meta-layouts":"default","ast-page-background-enabled":"default","ast-page-background-meta":{"desktop":{"background-color":"var(--ast-global-color-5)","background-image":"","background-repeat":"repeat","background-position":"center center","background-size":"auto","background-attachment":"scroll","background-type":"","background-media":"","overlay-type":"","overlay-color":"","overlay-opacity":"","overlay-gradient":""},"tablet":{"background-color":"","background-image":"","background-repeat":"repeat","background-position":"center center","background-size":"auto","background-attachment":"scroll","background-type":"","background-media":"","overlay-type":"","overlay-color":"","overlay-opacity":"","overlay-gradient":""},"mobile":{"background-color":"","background-image":"","background-repeat":"repeat","background-position":"center center","background-size":"auto","background-attachment":"scroll","background-type":"","background-media":"","overlay-type":"","overlay-color":"","overlay-opacity":"","overlay-gradient":""}},"ast-content-background-meta":{"desktop":{"background-color":"var(--ast-global-color-4)","background-image":"","background-repeat":"repeat","background-position":"center center","background-size":"auto","background-attachment":"scroll","background-type":"","background-media":"","overlay-type":"","overlay-color":"","overlay-opacity":"","overlay-gradient":""},"tablet":{"background-color":"var(--ast-global-color-4)","background-image":"","background-repeat":"repeat","background-position":"center center","background-size":"auto","background-attachment":"scroll","background-type":"","background-media":"","overlay-type":"","overlay-color":"","overlay-opacity":"","overlay-gradient":""},"mobile":{"background-color":"var(--ast-global-color-4)","background-image":"","background-repeat":"repeat","background-position":"center center","background-size":"auto","background-attachment":"scroll","background-type":"","background-media":"","overlay-type":"","overlay-color":"","overlay-opacity":"","overlay-gradient":""}},"footnotes":""},"class_list":["post-2678","page","type-page","status-publish","hentry"],"_links":{"self":[{"href":"https:\/\/kurse.praenatal-zuerich.ch\/index.php?rest_route=\/wp\/v2\/pages\/2678","targetHints":{"allow":["GET"]}}],"collection":[{"href":"https:\/\/kurse.praenatal-zuerich.ch\/index.php?rest_route=\/wp\/v2\/pages"}],"about":[{"href":"https:\/\/kurse.praenatal-zuerich.ch\/index.php?rest_route=\/wp\/v2\/types\/page"}],"author":[{"embeddable":true,"href":"https:\/\/kurse.praenatal-zuerich.ch\/index.php?rest_route=\/wp\/v2\/users\/1"}],"replies":[{"embeddable":true,"href":"https:\/\/kurse.praenatal-zuerich.ch\/index.php?rest_route=%2Fwp%2Fv2%2Fcomments&post=2678"}],"version-history":[{"count":5,"href":"https:\/\/kurse.praenatal-zuerich.ch\/index.php?rest_route=\/wp\/v2\/pages\/2678\/revisions"}],"predecessor-version":[{"id":5238,"href":"https:\/\/kurse.praenatal-zuerich.ch\/index.php?rest_route=\/wp\/v2\/pages\/2678\/revisions\/5238"}],"wp:attachment":[{"href":"https:\/\/kurse.praenatal-zuerich.ch\/index.php?rest_route=%2Fwp%2Fv2%2Fmedia&parent=2678"}],"curies":[{"name":"wp","href":"https:\/\/api.w.org\/{rel}","templated":true}]}}