{"id":7183,"date":"2023-02-10T05:51:10","date_gmt":"2023-02-10T04:51:10","guid":{"rendered":"https:\/\/kurse.praenatal-zuerich.ch\/?page_id=7183"},"modified":"2023-03-19T15:29:16","modified_gmt":"2023-03-19T14:29:16","slug":"anmeldung-anwesenheitskontrolle-teilnahmebestaetigung","status":"publish","type":"page","link":"https:\/\/kurse.praenatal-zuerich.ch\/?page_id=7183","title":{"rendered":"Anmeldung, Registrierung, Teilnahme, Anwesenheitskontrolle, Teilnahmebest\u00e4tigung"},"content":{"rendered":"\n<h3 class=\"wp-block-heading\">1. Wir funktionieren Anmeldung,&nbsp;Registrierung und Teilnahme?<\/h3>\n\n\n\n<p>Die <strong>Anmeldung<\/strong> zum Kurs (1. Schritt) erfolgt \u00fcber diese Webseite (kurse.fetal.ch). <\/p>\n\n\n\n<p>Die <strong>Registrierung<\/strong> f\u00fcr den technischen Zugang (2. Schritt)  erfolgt \u00fcber den Internetdienst Zoom: Nach erfolgreicher Anmeldung erhalten Sie in den Tagen vor dem Kurs den Registrierungslink (von zoom.us) auf die email-Adresse, mit der Sie sich angemeldet haben. Sie m\u00fcssen bei Zoom weder ein Konto anlegen noch Cookies zustimmen.  <\/p>\n\n\n\n<figure class=\"wp-block-image size-large\"><img loading=\"lazy\" decoding=\"async\" width=\"926\" height=\"1024\" src=\"https:\/\/kurse.praenatal-zuerich.ch\/wp-content\/uploads\/2023\/03\/Zoom-email-zur-Registrierung-926x1024.jpg\" alt=\"\" class=\"wp-image-8305\" srcset=\"https:\/\/kurse.praenatal-zuerich.ch\/wp-content\/uploads\/2023\/03\/Zoom-email-zur-Registrierung-926x1024.jpg 926w, https:\/\/kurse.praenatal-zuerich.ch\/wp-content\/uploads\/2023\/03\/Zoom-email-zur-Registrierung-271x300.jpg 271w, https:\/\/kurse.praenatal-zuerich.ch\/wp-content\/uploads\/2023\/03\/Zoom-email-zur-Registrierung-768x849.jpg 768w, https:\/\/kurse.praenatal-zuerich.ch\/wp-content\/uploads\/2023\/03\/Zoom-email-zur-Registrierung-624x690.jpg 624w, https:\/\/kurse.praenatal-zuerich.ch\/wp-content\/uploads\/2023\/03\/Zoom-email-zur-Registrierung.jpg 1040w\" sizes=\"auto, (max-width: 926px) 100vw, 926px\" \/><figcaption class=\"wp-element-caption\">Beispiel: Registrierung bei Zoom<\/figcaption><\/figure>\n\n\n\n<h3 class=\"wp-block-heading\">2. Was ben\u00f6tige ich technisch, um am Kurs teilzunehmen?<\/h3>\n\n\n\n<p>Bitte verwenden Sie einen nicht zu alten Laptop mit aktualisiertem Betriebssystem.<\/p>\n\n\n\n<p>Nach erfolgreicher Registrierung erhalten Sie vor dem Kurs eine email von Zoom mit dem <strong>Teilnahmelink<\/strong> (<strong>&#8222;Dem Webinar beitreten&#8220;<\/strong>, s.u.).<\/p>\n\n\n\n<figure class=\"wp-block-image size-large\"><img loading=\"lazy\" decoding=\"async\" width=\"953\" height=\"1024\" src=\"https:\/\/kurse.praenatal-zuerich.ch\/wp-content\/uploads\/2023\/03\/Zoom-email-mit-TN-Link-953x1024.jpg\" alt=\"\" class=\"wp-image-8320\" srcset=\"https:\/\/kurse.praenatal-zuerich.ch\/wp-content\/uploads\/2023\/03\/Zoom-email-mit-TN-Link-953x1024.jpg 953w, https:\/\/kurse.praenatal-zuerich.ch\/wp-content\/uploads\/2023\/03\/Zoom-email-mit-TN-Link-279x300.jpg 279w, https:\/\/kurse.praenatal-zuerich.ch\/wp-content\/uploads\/2023\/03\/Zoom-email-mit-TN-Link-768x825.jpg 768w, https:\/\/kurse.praenatal-zuerich.ch\/wp-content\/uploads\/2023\/03\/Zoom-email-mit-TN-Link-624x670.jpg 624w, https:\/\/kurse.praenatal-zuerich.ch\/wp-content\/uploads\/2023\/03\/Zoom-email-mit-TN-Link.jpg 969w\" sizes=\"auto, (max-width: 953px) 100vw, 953px\" \/><figcaption class=\"wp-element-caption\">Beispiel: Teilnahmelink in pers\u00f6nlicher email<\/figcaption><\/figure>\n\n\n\n<p>Zoom installiert bei Anklicken des Teilnahmelinks die Zoom-App auf Ihrem Rechner (falls nicht schon vorhanden). <\/p>\n\n\n\n<p><strong>Testen Sie bitte vor dem Kurs<\/strong> mit dem <a href=\"https:\/\/speedtest.cnlab.ch\/de\/\">Speedtest<\/a> <strong>1. die Geschwindigkeit Ihrer Internetverbindung<\/strong> (Netzwerkzugang am besten mit Kabel oder sonst nahe zu Ihrem WLAN-Router; der Download-Speed sollte mindestens 10 MBit\/sec betragen). <\/p>\n\n\n\n<p><strong>Testen Sie 2. mit dem <a href=\"https:\/\/zoom.us\/test\">Zoom-Test,<\/a> dass Ihr Ger\u00e4t f\u00fcr die Teilnahme geeignet ist<\/strong> (incl. Ton).  Dabei wird in der Regel die Zoom-App auch schon installiert.<\/p>\n\n\n\n<p><strong>Sie m\u00fcssen 3. am Kurstag unbedingt online Nachrichten an Ihre email-Adresse, mit der Sie sich angemeldet haben, <strong>auf dem Ger\u00e4t<\/strong>, mit dem Sie am Kurs teilnehmen wollen, <strong>lesen k\u00f6nnen<\/strong>.<\/strong><\/p>\n\n\n\n<h3 class=\"wp-block-heading\" id=\"2-wie-funktionieren-die-anmeldung-und-die-anwesenheitskontrolle-beim-webinar\"><strong>3. Wie funktionieren die Anmeldung und die Anwesenheitskontrolle beim Kurs?<\/strong><\/h3>\n\n\n\n<p>Um die Zertifizierung und die Fortbildungspunkte zu erhalten, muss Ihre Anwesenheit bei der online-Veranstaltung nachgewiesen werden.&nbsp;Bitte verwenden Sie bei der Registrierung Ihren vollst\u00e4ndigen Namen (Vorname und Nachname, keine Phantasienamen, keine Abk\u00fcrzungen, nicht &#8222;iPad&#8220; oder &#8222;Christas iPhone&#8220;), denn nur dann kann Ihre Anwesenheit best\u00e4tigt werden.<\/p>\n\n\n\n<p>Sollten Sie eine Zoom-Login (ein Zoom-Benutzer-Konto) haben und ggf. eingeloggt sein, <strong>bitte loggen Sie sich f\u00fcr die Teilnahme am Kurs in Zoom aus<\/strong>. Erst dann klicken Sie auf den pers\u00f6nlichen Teilnahmelink in der  email, mit der Sie zur Teilnahme am GIB aufgefordert wurden (s. Abb.).&nbsp;<\/p>\n\n\n\n<p><strong><em>Tipp: Loggen Sie sich nur von einem Ger\u00e4t ein und nur mit der email, mit der Sie sich auch angemeldet haben. Bleiben Sie jeweils den ganzen Tag eingeloggt.<\/em><\/strong><\/p>\n\n\n\n<h3 class=\"wp-block-heading\" id=\"3-wie-wird-wahrend-der-live-veranstaltung-meine-teilnahme-bewiesen\">4. Wie wird w\u00e4hrend der live-Veranstaltung meine Teilnahme bewiesen?<\/h3>\n\n\n\n<p><strong>W\u00e4hrend der live-Veranstaltung<\/strong>&nbsp;muss aufgrund der Vorgaben der zertifizierenden Stellen eine zus\u00e4tzliche wiederholte Anwesenheitskontrolle erfolgen, die w\u00e4hrend des Kurses jeweils angesagt wird: Im Chat wird \u00fcber den Lauf des Tages verteilt ein Link zu einem online-Formular angezeigt, auf dem Sie binnen 10 Minuten durch Eingabe Ihrer email-Adresse und Ihres Namen eintragen m\u00fcssen.Damit kann kontrolliert werden, ob Sie wirklich anwesend waren oder nur eingeloggt.&nbsp;<\/p>\n\n\n\n<h3 class=\"wp-block-heading\" id=\"4-wie-steht-es-mit-den-fortbildungspunkten-wenn-man-einen-teil-der-fb-im-nachhinein-online-anschaut-werden-diese-trotzdem-gutgeschrieben\"><strong>5. Werden Fortbildungspunkte vergeben, wenn man nur einen Teil der FB im Nachhinein online anschaut? <\/strong><\/h3>\n\n\n\n<p>Die SIWF erkennt online-Kurse an, verlangt aber eine Anwesenheitskontrolle. Wir werten daher erstens aus, wie lange Sie an der live-Veranstaltung anwesend (eingeloggt) waren. Zweitens gibt es w\u00e4hrend der live-Veranstaltung wiederholt Anwesenheitskontrollen (s.o.), zu der wir aufgrund der Vorgaben des SIWF verpflichtet sind. <\/p>\n\n\n\n<p>Wir k\u00f6nnen leider nicht feststellen, ob und wie lange Sie nach der Veranstaltung die Videos nachtr\u00e4glich ansehen. <\/p>\n\n\n\n<h3 class=\"wp-block-heading\" id=\"5-wann-kann-ich-die-videos-nachtraglichen-anschauen-und-wann-erhalte-ich-die-teilnahmebescheinigung\">6. Wann kann ich die Videos nachtr\u00e4glichen anschauen, und wann erhalte ich die Teilnahmebescheinigung?<\/h3>\n\n\n\n<p>Die Videos werden einige Tage nach der Veranstaltung zum nachtr\u00e4glichen Anschauen bereitgestellt. Sie erhalten dar\u00fcber eine Benachrichtigung per email. Die Videos werden f\u00fcr registrierte bezahlte Teilnehmer f\u00fcr acht Wochen nach der Veranstaltung einsehbar sein.<\/p>\n\n\n\n<p>Einige Tage nach der Mitteilung \u00fcber die Videos erhalten Sie eine weitere email mit einem Link zu einem Formular, auf das Sie bitte Ihre Daten ein letztes Mal eintragen Wenige Tage sp\u00e4ter erhalten Sie dann per email die Teilnahmebest\u00e4tigung. <\/p>\n","protected":false},"excerpt":{"rendered":"<p>1. Wir funktionieren Anmeldung,&nbsp;Registrierung und Teilnahme? Die Anmeldung zum Kurs (1. Schritt) erfolgt \u00fcber diese Webseite (kurse.fetal.ch). Die Registrierung f\u00fcr [&hellip;]<\/p>\n","protected":false},"author":1,"featured_media":0,"parent":6934,"menu_order":0,"comment_status":"closed","ping_status":"closed","template":"page-templates\/full-width.php","meta":{"site-sidebar-layout":"default","site-content-layout":"","ast-site-content-layout":"default","site-content-style":"default","site-sidebar-style":"default","ast-global-header-display":"","ast-banner-title-visibility":"","ast-main-header-display":"","ast-hfb-above-header-display":"","ast-hfb-below-header-display":"","ast-hfb-mobile-header-display":"","site-post-title":"","ast-breadcrumbs-content":"","ast-featured-img":"","footer-sml-layout":"","ast-disable-related-posts":"","theme-transparent-header-meta":"","adv-header-id-meta":"","stick-header-meta":"","header-above-stick-meta":"","header-main-stick-meta":"","header-below-stick-meta":"","astra-migrate-meta-layouts":"default","ast-page-background-enabled":"default","ast-page-background-meta":{"desktop":{"background-color":"var(--ast-global-color-5)","background-image":"","background-repeat":"repeat","background-position":"center center","background-size":"auto","background-attachment":"scroll","background-type":"","background-media":"","overlay-type":"","overlay-color":"","overlay-opacity":"","overlay-gradient":""},"tablet":{"background-color":"","background-image":"","background-repeat":"repeat","background-position":"center center","background-size":"auto","background-attachment":"scroll","background-type":"","background-media":"","overlay-type":"","overlay-color":"","overlay-opacity":"","overlay-gradient":""},"mobile":{"background-color":"","background-image":"","background-repeat":"repeat","background-position":"center center","background-size":"auto","background-attachment":"scroll","background-type":"","background-media":"","overlay-type":"","overlay-color":"","overlay-opacity":"","overlay-gradient":""}},"ast-content-background-meta":{"desktop":{"background-color":"var(--ast-global-color-4)","background-image":"","background-repeat":"repeat","background-position":"center center","background-size":"auto","background-attachment":"scroll","background-type":"","background-media":"","overlay-type":"","overlay-color":"","overlay-opacity":"","overlay-gradient":""},"tablet":{"background-color":"var(--ast-global-color-4)","background-image":"","background-repeat":"repeat","background-position":"center center","background-size":"auto","background-attachment":"scroll","background-type":"","background-media":"","overlay-type":"","overlay-color":"","overlay-opacity":"","overlay-gradient":""},"mobile":{"background-color":"var(--ast-global-color-4)","background-image":"","background-repeat":"repeat","background-position":"center center","background-size":"auto","background-attachment":"scroll","background-type":"","background-media":"","overlay-type":"","overlay-color":"","overlay-opacity":"","overlay-gradient":""}},"footnotes":""},"class_list":["post-7183","page","type-page","status-publish","hentry"],"_links":{"self":[{"href":"https:\/\/kurse.praenatal-zuerich.ch\/index.php?rest_route=\/wp\/v2\/pages\/7183","targetHints":{"allow":["GET"]}}],"collection":[{"href":"https:\/\/kurse.praenatal-zuerich.ch\/index.php?rest_route=\/wp\/v2\/pages"}],"about":[{"href":"https:\/\/kurse.praenatal-zuerich.ch\/index.php?rest_route=\/wp\/v2\/types\/page"}],"author":[{"embeddable":true,"href":"https:\/\/kurse.praenatal-zuerich.ch\/index.php?rest_route=\/wp\/v2\/users\/1"}],"replies":[{"embeddable":true,"href":"https:\/\/kurse.praenatal-zuerich.ch\/index.php?rest_route=%2Fwp%2Fv2%2Fcomments&post=7183"}],"version-history":[{"count":15,"href":"https:\/\/kurse.praenatal-zuerich.ch\/index.php?rest_route=\/wp\/v2\/pages\/7183\/revisions"}],"predecessor-version":[{"id":8324,"href":"https:\/\/kurse.praenatal-zuerich.ch\/index.php?rest_route=\/wp\/v2\/pages\/7183\/revisions\/8324"}],"up":[{"embeddable":true,"href":"https:\/\/kurse.praenatal-zuerich.ch\/index.php?rest_route=\/wp\/v2\/pages\/6934"}],"wp:attachment":[{"href":"https:\/\/kurse.praenatal-zuerich.ch\/index.php?rest_route=%2Fwp%2Fv2%2Fmedia&parent=7183"}],"curies":[{"name":"wp","href":"https:\/\/api.w.org\/{rel}","templated":true}]}}