{"id":8994,"date":"2023-12-16T15:24:01","date_gmt":"2023-12-16T14:24:01","guid":{"rendered":"https:\/\/kurse.praenatal-zuerich.ch\/?page_id=8994"},"modified":"2024-04-22T18:20:10","modified_gmt":"2024-04-22T17:20:10","slug":"test-zoom-mit-paypal","status":"publish","type":"page","link":"https:\/\/kurse.praenatal-zuerich.ch\/?page_id=8994","title":{"rendered":"Anmeldung zum GIB 2024, 12.\/13.04.24"},"content":{"rendered":"\n<h4 class=\"wp-block-heading\">Alle bis 9. April 2024 23 Uhr eingegangenen Anmeldungen haben den Registrierungslink f\u00fcr die Teilnahme bereits erhalten (bitte schauen Sie ggf. im Spam\/Junk-Ordner Ihres email-Programms nach).<br>Alle ab 9. April 2024 23 Uhr und bis 11.04.24 23 Uhr eingehenden Anmeldungen erhalten den Registrierung sp\u00e4t am Abend des 11.04.24. <br>F\u00fcr danach eingehende Anmeldungen werden wir unser Bestes versuchen, k\u00f6nnen aber die Zusendung des Registrierungslinks nicht mehr garantieren. <\/h4>\n\n\n\n<p> <strong>Die Teilnahmegeb\u00fchr betr\u00e4gt Euro 195,00 f\u00fcr die zwei ganzen Tage<\/strong>. Einzelne Bl\u00f6cke oder Halbtage k\u00f6nnen nicht separat gebucht werden.<\/p>\n\n\n\n<p class=\"has-dark-gray-color has-text-color has-link-color wp-elements-9cd0bd8d0197f781ca9b0fdfd6b82f0a\"><strong>Bitte beachten Sie:<\/strong><\/p>\n\n\n\n<ul class=\"wp-block-list\">\n<li>Die<strong> Teilnahme <\/strong>beim GIB 2024 online kann nur mit Kreditkarte und nur \u00fcber diese Seite gebucht werden. Anmeldungen per email, Fax oder Telefon sind leider nicht m\u00f6glich.<\/li>\n\n\n\n<li><strong>Die nachfolgenden Datenfelder beziehen sich auf die TEILNEHMENDE Person.<\/strong> <\/li>\n\n\n\n<li><strong>Bitte beachten Sie, dass Sie bei dieser Anmeldung und Zahlung die email-Adresse <strong>die teilnehmende Person<\/strong><\/strong> <strong>angeben m\u00fcssen, von der aus diese an den Kurstagen teilnimmt. D.h. an den Kurstagen muss die Teilnehmerin\/der Teilnehmer auf emails an diese Adresse reagieren k\u00f6nnen.<\/strong><\/li>\n\n\n\n<li>Bitte tragen Sie Ihre Mobilnummer f\u00fcr evtl. R\u00fcckfragen ein (mit Landesvorwahl, z.B. +41 76 123 45 67).<\/li>\n\n\n\n<li>Wenn Sie das Formular f\u00fcr eine andere Person ausf\u00fcllen\/den Kurs f\u00fcr eine andere Person buchen, tragen Sie bitte die Namen,  email-Adresse und Mobilnummer der TEILNEHMENDEN PERSON ein. <strong>(Nur) in diesem Fall geben Sie bitte zus\u00e4tzlich Ihre Kontaktdaten (also die Angaben der zahlenden Person; mit Name, email und Mobilnummer) im Feld Rechnungsadresse an.  <\/strong><\/li>\n<\/ul>\n\n\n\n<p style=\"font-style:normal;font-weight:900\"><strong>Bitte, f\u00fcllen Sie alle Felder sorgf\u00e4ltig aus. Beachten Sie insbesondere, dass nur mit der im Feld email korrekt eingetragen email-Adresse eine Kursteilnahme m\u00f6glich ist.<\/strong><\/p>\n\n\n\n<h2 class=\"wp-block-heading\">Beachte: Nach erfolgreicher Anmeldung und Bezahlung der Teilnahmegeb\u00fchr erhalten Sie <strong>eine Woche vor dem Kurs einen Registrierungslink f\u00fcr Zoom, mit dem Sie sich f\u00fcr die technische Teilnahme bei Zoom registrieren M\u00dcSSEN.<\/strong><\/h2>\n\n\n\n<p><strong>Alles klar? Dann bitte jetzt mit dem folgenden Formular anmelden und Teilnahmegeb\u00fchr bezahlen&#8230; <\/strong><\/p>\n\n\n\n<p>Falls Sie nach erfolgreicher Zahlung keine Zahlungsbest\u00e4tigung (via Stripe) per email erhalten, pr\u00fcfen Sie bitte den Junk-Ordner Ihrer email-Adresse. Wenn Sie tats\u00e4chlich keine email erhalten haben, kann die Zahlung trotzdem funktioniert haben, aber die angegebene email-Adresse war evtl. falsch. In diesem Fall buchen Sie bitte NICHT erneut, sondern kontaktieren Sie uns bitte \u00fcber das <a href=\"https:\/\/kurse.praenatal-zuerich.ch\/?page_id=9146\" data-type=\"page\" data-id=\"9146\">Kontaktformular<\/a> und beschreiben Ihr Anliegen, danke! <\/p>\n\n\n\n<figure class=\"wp-block-image size-large\"><img loading=\"lazy\" decoding=\"async\" width=\"1024\" height=\"584\" src=\"https:\/\/kurse.praenatal-zuerich.ch\/wp-content\/uploads\/2022\/09\/Himmel-ueber-Berlin-posterized-1024x584.jpg\" alt=\"\" class=\"wp-image-5295\" srcset=\"https:\/\/kurse.praenatal-zuerich.ch\/wp-content\/uploads\/2022\/09\/Himmel-ueber-Berlin-posterized-1024x584.jpg 1024w, https:\/\/kurse.praenatal-zuerich.ch\/wp-content\/uploads\/2022\/09\/Himmel-ueber-Berlin-posterized-300x171.jpg 300w, https:\/\/kurse.praenatal-zuerich.ch\/wp-content\/uploads\/2022\/09\/Himmel-ueber-Berlin-posterized-768x438.jpg 768w, https:\/\/kurse.praenatal-zuerich.ch\/wp-content\/uploads\/2022\/09\/Himmel-ueber-Berlin-posterized-1536x876.jpg 1536w, https:\/\/kurse.praenatal-zuerich.ch\/wp-content\/uploads\/2022\/09\/Himmel-ueber-Berlin-posterized-2048x1168.jpg 2048w, https:\/\/kurse.praenatal-zuerich.ch\/wp-content\/uploads\/2022\/09\/Himmel-ueber-Berlin-posterized-624x356.jpg 624w\" sizes=\"auto, (max-width: 1024px) 100vw, 1024px\" \/><\/figure>\n","protected":false},"excerpt":{"rendered":"<p>Alle bis 9. April 2024 23 Uhr eingegangenen Anmeldungen haben den Registrierungslink f\u00fcr die Teilnahme bereits erhalten (bitte schauen Sie [&hellip;]<\/p>\n","protected":false},"author":1,"featured_media":0,"parent":8716,"menu_order":3,"comment_status":"closed","ping_status":"closed","template":"page-templates\/full-width.php","meta":{"site-sidebar-layout":"default","site-content-layout":"","ast-site-content-layout":"default","site-content-style":"default","site-sidebar-style":"default","ast-global-header-display":"","ast-banner-title-visibility":"","ast-main-header-display":"","ast-hfb-above-header-display":"","ast-hfb-below-header-display":"","ast-hfb-mobile-header-display":"","site-post-title":"","ast-breadcrumbs-content":"","ast-featured-img":"","footer-sml-layout":"","ast-disable-related-posts":"","theme-transparent-header-meta":"","adv-header-id-meta":"","stick-header-meta":"","header-above-stick-meta":"","header-main-stick-meta":"","header-below-stick-meta":"","astra-migrate-meta-layouts":"default","ast-page-background-enabled":"default","ast-page-background-meta":{"desktop":{"background-color":"var(--ast-global-color-5)","background-image":"","background-repeat":"repeat","background-position":"center center","background-size":"auto","background-attachment":"scroll","background-type":"","background-media":"","overlay-type":"","overlay-color":"","overlay-opacity":"","overlay-gradient":""},"tablet":{"background-color":"","background-image":"","background-repeat":"repeat","background-position":"center center","background-size":"auto","background-attachment":"scroll","background-type":"","background-media":"","overlay-type":"","overlay-color":"","overlay-opacity":"","overlay-gradient":""},"mobile":{"background-color":"","background-image":"","background-repeat":"repeat","background-position":"center center","background-size":"auto","background-attachment":"scroll","background-type":"","background-media":"","overlay-type":"","overlay-color":"","overlay-opacity":"","overlay-gradient":""}},"ast-content-background-meta":{"desktop":{"background-color":"var(--ast-global-color-4)","background-image":"","background-repeat":"repeat","background-position":"center center","background-size":"auto","background-attachment":"scroll","background-type":"","background-media":"","overlay-type":"","overlay-color":"","overlay-opacity":"","overlay-gradient":""},"tablet":{"background-color":"var(--ast-global-color-4)","background-image":"","background-repeat":"repeat","background-position":"center center","background-size":"auto","background-attachment":"scroll","background-type":"","background-media":"","overlay-type":"","overlay-color":"","overlay-opacity":"","overlay-gradient":""},"mobile":{"background-color":"var(--ast-global-color-4)","background-image":"","background-repeat":"repeat","background-position":"center center","background-size":"auto","background-attachment":"scroll","background-type":"","background-media":"","overlay-type":"","overlay-color":"","overlay-opacity":"","overlay-gradient":""}},"footnotes":""},"class_list":["post-8994","page","type-page","status-publish","hentry"],"_links":{"self":[{"href":"https:\/\/kurse.praenatal-zuerich.ch\/index.php?rest_route=\/wp\/v2\/pages\/8994","targetHints":{"allow":["GET"]}}],"collection":[{"href":"https:\/\/kurse.praenatal-zuerich.ch\/index.php?rest_route=\/wp\/v2\/pages"}],"about":[{"href":"https:\/\/kurse.praenatal-zuerich.ch\/index.php?rest_route=\/wp\/v2\/types\/page"}],"author":[{"embeddable":true,"href":"https:\/\/kurse.praenatal-zuerich.ch\/index.php?rest_route=\/wp\/v2\/users\/1"}],"replies":[{"embeddable":true,"href":"https:\/\/kurse.praenatal-zuerich.ch\/index.php?rest_route=%2Fwp%2Fv2%2Fcomments&post=8994"}],"version-history":[{"count":20,"href":"https:\/\/kurse.praenatal-zuerich.ch\/index.php?rest_route=\/wp\/v2\/pages\/8994\/revisions"}],"predecessor-version":[{"id":10512,"href":"https:\/\/kurse.praenatal-zuerich.ch\/index.php?rest_route=\/wp\/v2\/pages\/8994\/revisions\/10512"}],"up":[{"embeddable":true,"href":"https:\/\/kurse.praenatal-zuerich.ch\/index.php?rest_route=\/wp\/v2\/pages\/8716"}],"wp:attachment":[{"href":"https:\/\/kurse.praenatal-zuerich.ch\/index.php?rest_route=%2Fwp%2Fv2%2Fmedia&parent=8994"}],"curies":[{"name":"wp","href":"https:\/\/api.w.org\/{rel}","templated":true}]}}